In base 5, what is -31 + -11332202?
-11332233
In base 10, what is 369 - -2701?
3070
In base 8, what is 23 + 11361?
11404
In base 7, what is 63443 + 4?
63450
In base 16, what is -c06 - 9?
-c0f
In base 4, what is -1011332 - 11?
-1012003
In base 6, what is 1052504 - -4?
1052512
In base 6, what is -2105 - 0?
-2105
In base 8, what is -10 + -15426?
-15436
In base 3, what is -12211001100 + 100?
-12211001000
In base 5, what is -3 - 1434434?
-1434442
In base 2, what is -1110011111010001 - 101?
-1110011111010110
In base 12, what is 17b + 43?
202
In base 16, what is 5a + 3f?
99
In base 16, what is a84e - -1d?
a86b
In base 4, what is 121231 - 32?
121133
In base 13, what is -66 + b88a?
b824
In base 2, what is -1010 - 1001001010110?
-1001001100000
In base 16, what is 5c75 - 6?
5c6f
In base 12, what is -1783a2 + 2?
-1783a0
In base 11, what is 24652 - 5?
24648
In base 15, what is -4 - 1e287?
-1e28b
In base 15, what is -a - c60?
-c6a
In base 6, what is 5 - -11323414?
11323423
In base 5, what is 124 - -43041?
43220
In base 13, what is 1aa - -58?
235
In base 3, what is -120 + 2101110111?
2101102221
In base 15, what is -2ad - 12b?
-3d9
In base 8, what is 0 - 61502?
-61502
In base 6, what is 143 - 100030?
-55443
In base 6, what is 1005 - 115?
450
In base 11, what is 9155 - 2?
9153
In base 5, what is 4403 - -214?
10122
In base 13, what is 3 + 780b?
7811
In base 12, what is 523 + 6a?
591
In base 6, what is 11420 - 2100?
5320
In base 9, what is -401582 + -1?
-401583
In base 4, what is 110 + -122333?
-122223
In base 9, what is -780 - -147?
-632
In base 8, what is 52656 + 6?
52664
In base 11, what is -3 + -4699?
-46a1
In base 9, what is 557 - 4427?
-3760
In base 13, what is 1c2 + 71?
263
In base 6, what is -10505 + 31?
-10434
In base 6, what is -12041 + -113?
-12154
In base 16, what is -42f0 + -13?
-4303
In base 2, what is 0 - -100111001110101?
100111001110101
In base 6, what is 153204 + -30?
153134
In base 10, what is -40295 - -49?
-40246
In base 7, what is -405306 + -3?
-405312
In base 2, what is 111000100011111 - -1?
111000100100000
In base 11, what is 746 - 6?
740
In base 4, what is -1033001 - -3?
-1032332
In base 14, what is a + -124?
-118
In base 2, what is -101011111 - -111110110?
10010111
In base 7, what is -366 - -1300?
601
In base 2, what is 1011000101000010010100 - 101?
1011000101000010001111
In base 8, what is 26 - -324223?
324251
In base 13, what is -5 - -42c9?
42c4
In base 2, what is 0 + -10000001101000011?
-10000001101000011
In base 9, what is -68156 - -3?
-68153
In base 5, what is 3410402 + -132?
3410220
In base 4, what is 103311 + -20?
103231
In base 9, what is -3 + 25518?
25515
In base 5, what is 10 + -222243?
-222233
In base 10, what is -40197 - 4?
-40201
In base 14, what is -456cb4 - -5?
-456cad
In base 7, what is -250 + -345?
-625
In base 10, what is -104 - 1541?
-1645
In base 10, what is -58 + 6740?
6682
In base 8, what is -52660 - -2?
-52656
In base 6, what is -4111 + 51343?
43232
In base 8, what is 63 + -4614?
-4531
In base 13, what is -ba - -52?
-68
In base 9, what is -101723 - -5?
-101717
In base 14, what is 8 + -268b?
-2683
In base 16, what is 34 - 863?
-82f
In base 9, what is -1070403 + 3?
-1070400
In base 9, what is 10802 + -3?
10788
In base 12, what is a270 - 0?
a270
In base 7, what is -36611 + 33?
-36545
In base 15, what is 35a87 - 2?
35a85
In base 10, what is 9759436 + 5?
9759441
In base 12, what is 1189 - 149?
1040
In base 15, what is 34a7e - -1?
34a80
In base 8, what is -4116 - 251?
-4367
In base 13, what is 2345b3 + -5?
2345ab
In base 16, what is -14c - 70?
-1bc
In base 12, what is -428b - -2?
-4289
In base 9, what is -541625 + 1?
-541624
In base 13, what is 361 + -33b1?
-3050
In base 5, what is -4 + 110122310?
110122301
In base 8, what is 5 - 30132?
-30125
In base 12, what is -1 - -13b499?
13b498
In base 13, what is 63 + -1ca0?
-1c3a
In base 15, what is -13c + -54?
-191
In base 8, what is 144 + -313?
-147
In base 15, what is -42 - -13be9?
13ba7
In base 5, what is 31421 - -32?
32003
In base 2, what is 101110001 - -10100010?
1000010011
In base 8, what is 2160 + -365?
1573
In base 16, what is 26a + 73b?
9a5
In base 3, what is -120222 - -21012?
-22210
In base 13, what is -a2 + b24?
a52
In base 6, what is -215 - 425520?
-430135
In base 14, what is ca + 3?
cd
In base 12, what is 2358 + 89?
2425
In base 5, what is -20140000 - -10?
-20134440
In base 8, what is 306 + 6247?
6555
In base 8, what is -2354 + -71?
-2445
In base 11, what is 0 + -165a?
-165a
In base 5, what is -10 + 3441232?
3441222
In base 9, what is 4 - 165076?
-165072
In base 10, what is -129 + 14?
-115
In base 7, what is -430122 - 5?
-430130
In base 8, what is -1352 - 32?
-1404
In base 12, what is -136 - 99?
-213
In base 13, what is 8a599 + -a?
8a58c
In base 12, what is 295 - b?
286
In base 14, what is 5 + 3823?
3828
In base 13, what is 1552c0 - -1?
1552c1
In base 11, what is -4 - 4466?
-446a
In base 5, what is 4 + 3044244?
3044303
In base 5, what is 1023103000 - -3?
1023103003
In base 14, what is -354 - -283?
-b1
In base 8, what is 0 + -13416?
-13416
In base 8, what is -7656367 - -1?
-7656366
In base 9, what is 1022 - -55?
1077
In base 11, what is -741 - -267a?
1a39
In base 7, what is -23224 + -26?
-23253
In base 14, what is 3 - -13060?
13063
In base 14, what is 2d + bd4b?
bd7a
In base 16, what is 5dbe9 + -2?
5dbe7
In base 10, what is -59056 + 5?
-59051
In base 8, what is -136 + 1063?
725
In base 4, what is 32 - 12223033?
-12223001
In base 13, what is -b - -17a?
16c
In base 8, what is 110463 - -27?
110512
In base 2, what is -1101 - -111100011110111?
111100011101010
In base 2, what is 1111 - 1100101010100?
-1100101000101
In base 9, what is 2 + 175645?
175647
In base 4, what is 13 + -20132203?
-20132130
In base 7, what is 6323 + 16?
6342
In base 6, what is -4125 + 10000?
1431
In base 9, what is -76235 - 0?
-76235
In base 2, what is -101 - -110000011010111001100?
110000011010111000111
In base 3, what is -12021002 + 1110120?
-10210112
In base 2, what is 10110010 - 1011?
10100111
In base 12, what is 0 - -167a?
167a
In base 8, what is 11 - -101651?
101662
In base 2, what is 1 + -1011010101000100000?
-1011010101000011111
In base 7, what is 23506 - -5?
23514
In base 12, what is -5a - -455?
3b7
In base 15, what is -a20 - 65?
-a85
In base 11, what is 44667 + 4?
44670
In base 13, what is 75a2 + -8?
7597
In base 8, what is -26 + 100651?
100623
In base 16, what is 86c - -25?
891
In base 16, what is 2 - 1a4a6?
-1a4a4
In base 12, what is a + 33b8?
3406
In base 13, what is -a9c + -201?
-ca0
In base 4, what is -10112 - -10300?
122
In base 7, what is -660 + 10450?
6460
In base 10, what is -1 + 78966?
78965
In base 3, what is -11000212212220 - 1?
-11000212212221
In base 12, what is -21b47b + -2?
-21b481
In base 8, what is -4601327 + 1?
-4601326
In base 8, what is 11565257 + 2?
11565261
In base 7, what is 26 + 14301?
14330
In base 7, what is 14 + -13343?
-13326
In base 15, what is -a660 + 6?
-a659
In base 12, what is 4 - 30ba8?
-30ba4
In base 15, what is a072 - -12?
a084
In base 13, what is -4 - -26154?
26150
In base 16, what is 1 - -1112b5?
1112b6
In base 9, what is -82185 - -1?
-82184
In base 3, what is -11 - -21122121?
21122110
In base 5, what is -1 - 12040433?
-12040434
In base 12, what is 3 + -a317?
-a314
In base 13, what is -c55 - -15?
-c40
In base 8, what is 334 - 306?
26
In base 6, what is 104 + 51013?
51121
In base 3, what is 1120112220 - 101?
1120112112
In base 4, what is -2 - 310220?
-310222
In base 6, what is -1221432 - 4?
-1221440
In base 13, what is -5b2366 + 3?
-5b2363
In base 7, what is -205 - -5116?
4611
In base 12, what is -17253 - -13?
-17240
In base 7, what is 33 - 2?
31
In base 2, what is -101 + -10100101101110?
-10100101110011
In base 9, what is -124710 + -5?
-124715
In base 3, what is 11 - 1122101222120?
-1122101222102
In base 9, what is -212148 + -2?
-212151
In base 7, what is -33512 - 134?
-33646
In base 5, what is -10 + 121432312?
121432302
In base 8, what is 10270 - -11?
10301
In base 12, what is 62396 - 2?
62394
In base 15, what is -3 + b145?
b142
In base 13, what is 2 - -5450a?
5450c
In base 15, what is -2040 + 7?
-2038
In base 5, what is -20142114 + -10?
-20142124
In base 7, what is 11124 - -113?
11240
In base 4, what is 213020102 + 11?
213020113
In base 14, what